*n. Suppose 0 = 12*d + 152 + n. Let p = 44 + d. Calculate the highest common factor of 88 and p.
11
Let g = -64 - -99. Let p be (-3500)/75*(-2 + 5/4). Calculate the greatest common divisor of p and g.
35
Let h be 0 - (1 - 3) - (-5 + -120). Let v = h - 76. Suppose 5*p - 7 - 37 = -2*m, -5*m + 2*p + 81 = 0. What is the greatest common factor of v and m?
17
Suppose 528 - 2681 = -65*t + 3112. Suppose 3*r - 2*p - 3163 = 1209, 0 = -5*p + 5. Calculate the greatest common divisor of t and r.
81
Let j = 26169 - 24622. Calculate the greatest common divisor of j and 1904.
119
Suppose -353 = 6*z - 65. Let y be 5/(-3) + (5 - z/(-9)). Let v be (-3 - -1)*(-2 + y - 117). Calculate the highest common factor of 22 and v.
22
Suppose t + 3*t - 5076 = 0. Suppose 2*g = 0, -d - g + t = 2*d. Calculate the greatest common factor of d and 27.
9
Let u = -549 + 548. Let s be u - (7 - 30/2). Calculate the greatest common factor of 84 and s.
7
Let j = 50 + -86. Let v = j + 153. Calculate the greatest common factor of 78 and v.
39
Let z be (-2 - -8)*42/12. Let p(j) = -3*j + 14. Let m be p(6). Let n be m/30 - 30288/(-360). What is the greatest common factor of z and n?
21
Let k(n) = -33*n - 445. Let v be k(-45). Calculate the highest common divisor of 80 and v.
80
Suppose -34*d - 19*d + 1007 = 0. Suppose 38 = 5*s + 13. Suppose 0 = -h - s*m + 19, 0 = h + 2*h - 5*m - 57. What is the greatest common divisor of d and h?
19
Let l(d) = d**2 - 28. Let s be l(-7). Let m be -2 + (4 - (-295 + -1)). Let h = m - 130. Calculate the greatest common divisor of h and s.
21
Let b(u) = 318*u**2 - 136*u - 62. Let z be b(11). What is the greatest common divisor of z and 40?
40
Let a = 533 - 534. Let o be a + 3344/66 + 5/(-3). What is the highest common divisor of 72 and o?
24
Let z be ((2 - 0) + -30)/(-2). Let p = -1722 - -1218. Let t be ((-120)/(-16) - 8)*p/1. Calculate the greatest common divisor of t and z.
14
Let i = 5337 + -5310. What is the highest common factor of 46 and i?
1
Let m(f) be the first derivative of -28*f**2 - 1. Let l be m(-2). Suppose -7742*h + 224 = -7734*h. Calculate the greatest common factor of l and h.
28
Suppose -9*z = -5*l - 8*z + 286, -43*l = -5*z - 2474. Calculate the greatest common factor of l and 74182.
58
Let i(z) = -2*z**2 + 56*z + 66. Let l be i(17). Calculate the highest common divisor of 66 and l.
22
Let j = -572 + 1353. Let p = -268 + j. What is the greatest common factor of p and 27?
27
Let w(i) = 5*i - 10. Let g be w(3). Suppose 0*v + h + 1 = 5*v, -g*v = h - 9. Let r be v + (4 + 0 - -34). What is the highest common divisor of 39 and r?
39
Suppose 28*r + 101*r = 488558 - 105041. What is the highest common factor of 6 and r?
3
Suppose -9*n - 36*n + 103224 = -n. Calculate the greatest common factor of 510 and n.
102
Suppose -j - 11*r = 26, -5*j - 2*r + 73 = -9. What is the highest common divisor of j and 450?
18
Let h be 58/18 + (-2)/9. Let m(s) = -118*s + 120. Let b be m(1). Calculate the highest common divisor of b and h.
1
Suppose -7*r = -5*v - 6*r + 70, -v + 5*r = -38. Suppose -k = -6*k - 10, w + k = 0. Suppose -104 = -w*j + j. Calculate the highest common factor of j and v.
13
Suppose 0 = -6*z - 32*z - 19*z + 231876. Calculate the greatest common factor of 36 and z.
36
Let h = -26965 - -28170. What is the highest common factor of 15 and h?
5
Suppose 3*f - 3*u = -2*u + 2706, 0 = -u. Let w = 930 - f. Let v = -68 + 110. Calculate the greatest common divisor of w and v.
14
Suppose 19*w - 116 = -10*w. Suppose -3*h = -w*a - 1916, -4*h - 4*a + 2546 = -5*a. What is the highest common factor of h and 12?
12
Let t be -33*(-1 + (-5)/3). Let b be 2*-7*(-22)/4. Calculate the highest common factor of t and b.
11
Let v be 352/6 + 4/(-6). Let c be 1595/(-22)*(-5 + (-136)/(-40)). What is the greatest common factor of c and v?
58
Let p = 9 + 6. Suppose k - 2*i + 3 = -0*i, p = 3*i. Let r(z) = 3*z**2 - 7. Let o be r(k). What is the greatest common factor of 20 and o?
20
Suppose 6 = -2*c - 0. Let s be 121/(-22)*c/(3/(-2)). Let p be s/((-220)/(-16))*30/(-4). What is the greatest common divisor of p and 15?
3
Suppose -j = t - 5 + 3, 4*j + 5*t = 4. Let h be ((-75)/6)/((-3)/j). Let g(o) = o + 11. Let s be g(-6). What is the greatest common divisor of h and s?
5
Let j(v) = v + 18. Let o be j(-6). Let y be (13/((-117)/o))/(1/(-3)). Suppose 6 = 3*k, w - 2*w = -y*k - 48. Calculate the greatest common divisor of w and 392.
56
Let y be 101/9 + (-14)/63. Calculate the greatest common factor of y and 35.
1
Let k be ((-287)/(-4) + 1)/((-681)/(-67192)). What is the highest common factor of k and 148?
74
Suppose 36 = 7*w - 104. Calculate the highest common factor of w and 310.
10
Let m = -35 - -26. Let k = m + 27. Calculate the greatest common divisor of 54 and k.
18
Let f(u) = 1156*u**3 + u**2 + 2*u. Let h be f(1). Let k be 2/10 - h/(-305). What is the highest common factor of k and 52?
4
Suppose -108*p + 103*p = -1860. Calculate the highest common factor of 279 and p.
93
Suppose 9*l - 12*l = -42. Let y be 3 + 11/(-33) + l/6. Suppose 0 = 3*a + 2*a - 100. What is the highest common divisor of y and a?
5
Let h be (-8)/114*(-171)/114 + 21732/38. What is the greatest common factor of h and 1976?
52
Suppose 1761*n - 1760*n - 2*c = 84, -4*c + 308 = 5*n. Let w be (30/(-9) - -1)*-51. Calculate the highest common divisor of w and n.
17
Let h be (1*9)/((-309)/(-721)). Let c = -15 + 18. Suppose 5*z - 441 = -c*g, 2*g = z - 3*z + 294. What is the greatest common divisor of g and h?
21
Suppose 130*a + 13448 = 92748. Calculate the highest common factor of 240 and a.
10
Suppose 0 = 3*c - 3, -2*i + 0*i + 4*c = 0. Let z be ((-66)/(-154))/(3/7). Calculate the greatest common divisor of z and i.
1
Let m be 21 + (1 - 3) + 5. Suppose -2*h = 2*b - 200, -4*h + 4 = -3*h. Calculate the greatest common divisor of b and m.
24
Let w be (6210/805)/((-2)/(-252)). What is the highest common factor of w and 24?
12
Suppose 0 = 3*a + 9, -4*p - 2*a + 66 = -p. Let v(q) = -q**3 + 23*q**2 + 32*q - 22. Let u be v(p). Calculate the highest common factor of 238 and u.
34
Let u = 659 + -601. Let j = u - -7. Calculate the highest common divisor of j and 65.
65
Let i(n) = -23*n + 279 + n**3 - 2*n**3 - 258 + 24*n**2. Suppose -20*t = -7*t - 299. Let r be i(t). What is the highest common factor of r and 42?
21
Suppose 5*p - 4*o = 1832, 4*o + 1 - 353 = -p. What is the highest common divisor of p and 56?
28
Suppose 66 = 2*y - 2*q, 0 = -y + q - 2*q + 31. Let u(m) = -67*m + 1013. Let v be u(15). Calculate the highest common divisor of y and v.
8
Let i = -70 - -81. Let d be 46/1 - (3 + -1). What is the greatest common divisor of i and d?
11
Let a = -61 - -93. Suppose 0 = -2*b + 5*d + 147, 92*d = -2*b + 93*d + 119. What is the highest common factor of b and a?
8
Let a be 0 + (1 - -23) - 0. Let k = -2767 + 2971. Calculate the highest common divisor of a and k.
12
Let z = 10237 - 7321. Calculate the greatest common divisor of z and 96.
12
Let g(o) = o**3 + 52*o**2 + 63*o + 28. Let w be g(-49). What is the highest common divisor of 1813 and w?
259
Let g be (36*-2)/(400/(-150)). What is the highest common divisor of 2547 and g?
9
Let z be (12/(-16) + (-508)/(-80))*5/2. Calculate the highest common divisor of 10346 and z.
14
Suppose -115*q + 7660 + 8481 + 3294 = 0. Calculate the highest common factor of q and 416.
13
Let f(l) = 31*l**2 - 917*l + 6. Let h be f(30). What is the greatest common divisor of 484 and h?
44
Suppose 2*a - 344 = 4*u, -2*a + 204*u = 207*u - 344. What is the greatest common divisor of a and 4?
4
Let u = -45879 + 46169. Let b = 152 - 94. Calculate the highest common divisor of b and u.
58
Suppose -4*p = f - 4792, 2*p - 4776 = -29*f + 28*f. What is the highest common factor of 136 and f?
136
Suppose -o + 398 + 2266 = 7*o. Calculate the highest common factor of o and 481.
37
Let o be ((-132)/99 + (-1244)/(-42))*42. What is the greatest common factor of o and 836?
44
Let c(y) = -y**3 + 9*y**2 + 32*y - 70. Let r be c(11). Let x = -7 - -7. Suppose x*s + 300 = 3*s. Calculate the highest common factor of r and s.
20
Suppose 0*w = 4*w - 40. Let u(l) = l**3 + 6*l**2 - 214*l + 6. Let t be u(12). What is the greatest common divisor of w and t?
10
Suppose -2306 = -6*a - 710. Let u = a + -62. What is the greatest common factor of u 